se 0*o + 5*o - 4*n = 1322, -j*n = -4*o + 1057. What is the tens digit of o?
6
Let s = 88819 - 37916. What is the hundreds digit of s?
9
Let i(f) = f**3 - f**2 + 5. Let x be i(0). Suppose -38 = -3*s - 4*t, -42 = -x*s - 3*t + 7*t. Let k(z) = z**3 - 9*z**2 + 9. What is the units digit of k(s)?
9
Let p be 2 + (5 - (-7)/(7/(-4))). What is the tens digit of (-5088)/(-40)*5 + p/1?
3
Let t(v) = -4195*v - 770. What is the hundreds digit of t(-7)?
5
Let w = -86758 - -149923. What is the tens digit of w?
6
Let f be 22/11*(-12 - 1). Suppose -11 = 2*j + 3*u, 0 = -4*j - u - 2*u - 19. What is the hundreds digit of (-74)/26 - j/f - -144?
1
Let j(x) = 28*x**2 + 179*x + 8. What is the units digit of j(4)?
2
What is the tens digit of (-8233)/(-3)*(2/6)/((-1)/(-9))?
3
Let l(s) be the second derivative of 13*s**3/3 + 55*s**2/2 - 160*s. What is the units digit of l(26)?
1
Let z = 160 + -169. Let g(n) = -15*n - 32. What is the units digit of g(z)?
3
Suppose -y + 4 = 3. Let w be ((-24)/15)/((-3)/(-5) - y). Suppose 5*i - 4*o + 2*o - 736 = 0, -w*i = -5*o - 582. What is the units digit of i?
8
Suppose -42016 - 464 = -20*n. Suppose 0 = -2*x - 3*y + n, 0 = -19*y + 22*y + 6. What is the units digit of x?
5
Let f(k) = k**3 + 2*k**2 + 2*k + 4. Let h be f(-2). Suppose -t + 3*t = 5*z + 51, h = -4*t - 8. Let c(u) = 2*u**2 + 16*u + 3. What is the units digit of c(z)?
9
Suppose 5*h - 8 - 32 = 0. Suppose h*p + 4*p = 8*p. Suppose p = m - 3*m + 270. What is the hundreds digit of m?
1
Suppose -14*h + 5*h = -7173. Suppose -5*r = -7*d + 3*d - 787, 5*r + d = h. What is the units digit of r?
9
Let j = 62 + -61. Suppose -2*u = 21 - j. What is the tens digit of ((-328)/u)/(4/10)?
8
Suppose -2*z = -3*n - 79, 2*z - 59 = -n - 0*n. Suppose z = 9*r + 5. Suppose 0*p = p + 5*o - 39, -r*p - o + 159 = 0. What is the units digit of p?
4
Let p = -84 - -318. Let l = p - 55. Suppose 5*v + 5*t = 305, -2*t + l = 3*v - 3*t. What is the tens digit of v?
6
Let y = 60095 - 21022. What is the units digit of y?
3
Let f(h) = -185*h + 79. Let n be f(-5). Let s = n - 608. What is the units digit of s?
6
Let z(r) = 49*r**2 + 243*r + 2799. What is the units digit of z(-11)?
5
Let g = -37 - -39. What is the tens digit of (14 + -17)/(6/(-2620)*g)?
5
Let v(y) = -5*y - 45. Let g(r) = 8*r + 89. Let j(f) = 6*g(f) + 11*v(f). Let n be j(-20). Let x = -78 + n. What is the tens digit of x?
0
Let n = -301 + -37. Let p = n - -835. What is the units digit of p?
7
Suppose -7*y = -9*y - 4. Let t(r) = -70*r**3 - 3*r**2 - 3*r + 1. What is the hundreds digit of t(y)?
5
Suppose 10*v - 3*v = -70. Let y be (-37)/(4/v*(-1)/(-2)). Let c = y + -75. What is the tens digit of c?
1
Let y(m) = 12*m**3 - m**2 + 3*m. Let t be y(2). Let n = t - 93. Suppose -2*d = 4*a - n*d - 358, 0 = -5*a - d + 438. What is the tens digit of a?
8
Let v(s) = -s**2 + s + 7. Let u be v(3). Let n be 3 + -6 - -3 - u. What is the units digit of 11 + 32 - (0 - n - 0)?
2
Suppose 23*o - 1639360 = -20*o + 3*o. What is the ten thousands digit of o?
4
Suppose 337 = -j - 2*j + c, c = 4. Let q be j/(-9) + (-6)/(-9). Suppose -g - 5 = -q. What is the units digit of g?
8
Suppose 0 = 12*s - 15*s + 666. Let c = -183 + s. What is the tens digit of c?
3
Let w(l) = -3*l**3 - 95*l**2 + 130*l + 41. What is the units digit of w(-44)?
3
Let z(x) = -12*x - 1. Let f = 98 + -74. Suppose 5*j = 2*u + 15, 0*j + f = -5*u - j. What is the units digit of z(u)?
9
Suppose -4*m - 29 - 10 = 3*b, 3*b = 2*m - 3. Let y(t) = 7*t**2 + 5*t + 16. What is the tens digit of y(m)?
3
Suppose 0 = -3*d - 15, -q - 4*d + 679 = -d. Suppose 10*s = 7*s + 4*t + q, 2*t + 462 = 2*s. What is the tens digit of s?
3
What is the ten thousands digit of 24450 + -1 + (-59 - -29 - -30)?
2
Let x(g) = -22*g + 77. Let j(u) = -11*u + 39. Let s(w) = -5*j(w) + 2*x(w). What is the tens digit of s(23)?
1
Let o(n) = -2*n + 3*n**2 - n**3 - 181 - 4*n**2 + 174. Let x(g) = g**2 + 5*g - 3. Let p be x(-5). What is the tens digit of o(p)?
1
Let o = -84417 + 151617. What is the units digit of o?
0
Let g(n) = -14*n**3 + 20*n**2 + 27*n + 20. What is the units digit of g(-7)?
3
Suppose -39*o + 160295 = -1076434. What is the ten thousands digit of o?
3
Suppose -8*f + 4*f + 4*l = -56, 4*l = 3*f - 42. Suppose 10*a - f*a + 568 = 0. What is the tens digit of a?
4
Suppose 13*i - 29081 = 11253 + 27734. What is the units digit of i?
6
Suppose 2817 = 2*j + 5*h, 7035 = 64*j - 59*j + 5*h. What is the tens digit of j?
0
Let f be (35/20 - -2)/((-9)/(-1056)). Suppose -10*r = -4270 + f. What is the units digit of r?
3
Let t(v) = 126*v**3 + v**2 + 6*v - 15. Let i be t(2). Suppose 0 = -9*s + 7165 - i. What is the hundreds digit of s?
6
Let d = 931 + 1455. What is the thousands digit of ((-52)/8)/13*d*-1?
1
Let c(r) = 486*r**2 + 168*r - 995. What is the thousands digit of c(6)?
7
Suppose 4*a - 8 = 5*b, -4*b + 4 = 2*a - 8*b. Let u be 1/a*(-7 + 13). Suppose 2*q + 4*d - 2*d = 314, 4*q - u*d - 621 = 0. What is the tens digit of q?
5
Suppose -122*t - 10239410 = -448*t + 7649840. What is the units digit of t?
5
Let m(c) = 356*c + 2071. What is the thousands digit of m(17)?
8
Suppose -f - 3*f + 8 = 5*a, 3*f = -a - 5. Let i be a/1 - (11 - 1). What is the tens digit of 3/i - (-149)/(-4)*-2?
7
Suppose -12*q + 61073 + 33747 = -70708. What is the units digit of q?
4
Let v = -60 + 62. Suppose v*d = 6, d + d - 279 = -3*n. What is the tens digit of n?
9
Let b(x) = 27*x + 3 + 13*x - 4 + 0. What is the tens digit of b(5)?
9
Let j = 472 - 347. Suppose 2284 = 3*m - j. What is the hundreds digit of m?
8
Suppose 3*z - 45 = -3*p, -3*p + 5*z + 31 = 2. Suppose -15*o = -8*o - 91. Let b = o + p. What is the units digit of b?
6
Let h(o) be the first derivative of o**4/2 + 3*o**3 + 13*o**2 - 9*o - 254. What is the thousands digit of h(8)?
1
Let m = -1316 + 2342. Suppose 0 = -19*a - m + 3268. What is the tens digit of a?
1
Let u = -146 + 144. What is the hundreds digit of (-9593)/(-53)*(1 - u)?
5
Let k(g) = 7*g + 2. Let r(i) = i - 1. Let h(b) = -k(b) + 6*r(b). Let l be h(-6). Let q(d) = d + 3. What is the units digit of q(l)?
1
Let x(y) = -y**2 - y + 7. Let h be x(0). Suppose -h*m = -2*m - 330. Suppose 2*p - m + 24 = -k, 4*k + 2*p - 162 = 0. What is the tens digit of k?
4
Suppose 0*y - 121840 = -4*j + 2*y, -3*j = -y - 91376. What is the ten thousands digit of j?
3
Let a(v) = 17*v + 844. What is the units digit of a(5)?
9
Let f = 229 + -220. What is the tens digit of (-16884)/(-54) - 1/(f/6)?
1
Let n = -32110 - -49476. What is the hundreds digit of n?
3
Let j = -8048 - -33028. What is the thousands digit of j?
4
Let c be (-4)/(-22) - (-280)/(-88). What is the units digit of 501 - -4 - -2*c/3?
3
Let d be 8/6*537/2. Suppose 0 = 593*w - 677*w - 17052. Let k = d + w. What is the hundreds digit of k?
1
Suppose 5*t - 20 = 2*a, 3*a + 2*t + 8 = 4*t. Let r be (-2 - a)*143/(-26). Suppose -r*h - 47 = -12*h. What is the units digit of h?
7
What is the tens digit of (-1 + (-34643)/(10 + -17))/(1/18)?
6
Let u = 24061 - 9487. What is the hundreds digit of u?
5
Let z(t) = -3*t**2 + 386*t - 150. What is the thousands digit of z(91)?
0
What is the hundreds digit of 10*635 - (-29 - 728/(-28))?
3
Let r = -84 + 54. Let c = -24 - r. What is the units digit of 234/2 + -4 + c + -3?
6
Let y(m) = 627*m**2 + 83*m + 725. What is the tens digit of y(-7)?
6
Let y = -30 + 36. Let k = y - 14. What is the tens digit of 1494/11 - k/44?
3
Suppose 2*g - 7*w - 48458 = 0, -3*g = -5*w - 74178 + 1491. What is the ten thousands digit of g?
2
Let r(m) = 2148*m**2 - 12*m + 40. What is the ten thousands digit of r(4)?
3
Suppose -2*x = -5*h - 10, 8 = -7*x + 9*x - 4*h. What is the tens digit of ((x - 1) + 45/(-18))*-178?
2
Let d(l) = 12*l**2 + 40*l - 10. Let h be d(-17). Suppose -h = -6*u + 762. What is the hundreds digit of u?
5
What is the hundreds digit of 14859 - ((-9)/1 - (0 - -9)/(-9))?
8
Let u be (1680/(-9))/(-8) - 2/(-3). Suppose 3814 = -u*w + 26*w - 4*g, -5*w = 5*g - 9505. What is the thousands digit of w?
1
Suppose 6*g = 4*g. Let p(f) = 39 - 7*f + 4*f + g*f + 3. What is the tens digit of p(-17)?
9
Suppose 18 = -2*m + 8*m. Suppose 7*a + d = 4*a, -d = -m*a - 6. What is the tens digit of ((-26)/6)/((-4 + a)/15)?
1
Let k be -317 - (7 - 15 - -10). Let l = -112 - k. What is the tens digit of l?
0
Let w = -1 + 6. Let u(v) = 5*v - 72